t k be -1 - 8*(-33)/6. Suppose -5*s + k = d - 4*d, -d = 4*s - 31. Let j = -21 - -41. Calculate the highest common factor of j and s.
4
Let r(t) = -t - 14. Let f be r(-13). Let p(y) = -25*y + 1 - 1 - 1. Let v be p(f). What is the greatest common factor of 3 and v?
3
Let f(o) = -5*o - 5. Let v be f(14). Let s be 2/(-4)*60/2. Let l = s - v. Calculate the greatest common factor of l and 40.
20
Let w(p) = p**2 - 4*p - 9. Let s be w(7). Calculate the greatest common divisor of 24 and s.
12
Let d = 177 - 117. Suppose i = y - 0*i - 2, -4*y = -5*i - 12. Let x be y - (-5)/(15/78). Calculate the highest common factor of x and d.
12
Let g = 7 - 2. Suppose 178 = g*d + 38. Let z be -14*(-3)/(-12)*-2. What is the greatest common factor of d and z?
7
Let a = -6 - -10. Suppose -5*l + 3*p + 250 = -p, 0 = 2*l + a*p - 100. Let o be 16/6*(-30)/(-4). What is the highest common divisor of l and o?
10
Let d(r) = r**3 + 10*r**2 - 2*r - 10. Let g be d(-10). What is the highest common divisor of g and 80?
10
Suppose -7*h - 243 = -16*h. What is the highest common divisor of 243 and h?
27
Let z(w) = 17*w - 1. Let d be z(2). What is the greatest common divisor of 363 and d?
33
Let u = 3 + 45. Let g be -16*1/2*-3. Suppose 0 = y - 5*y + g. What is the highest common divisor of u and y?
6
Let i = 2 + 10. Let n be 26/4*4 - 1. Suppose -n = -2*j + 23. What is the greatest common divisor of j and i?
12
Let t be (-8 + 9/2)*-2. Suppose 0 = -0*l - l + 32. Suppose -3*s - 27 = -3*i, 2*s + l = -i + 5*i. What is the greatest common divisor of i and t?
7
Suppose 3*w + 840 = 11*w. What is the greatest common divisor of 42 and w?
21
Let c(m) = m - 5. Let i be c(3). Let r be (i - -21)/((-2)/(-4)). Let w(h) = 28*h + 1. Let s be w(2). Calculate the highest common factor of r and s.
19
Let s(p) = 26*p - 3. Let k be s(3). Calculate the greatest common divisor of k and 15.
15
Let o = 6 - 4. Suppose o - 25 = -d. Let l = d + -5. What is the greatest common factor of l and 12?
6
Let s(n) = n - 5. Let i be s(8). Suppose -j = -13 + i. Calculate the greatest common divisor of 2 and j.
2
Suppose -78 = -3*r - 9. What is the greatest common factor of 46 and r?
23
Let r = 118 + -107. What is the highest common divisor of r and 176?
11
Let l be 413/28 - 1/(-4). Calculate the greatest common factor of l and 6.
3
Let t(g) = -g**2 + 8*g - 7. Suppose -6 - 9 = 5*y. Let f be 1/(-2*y/36). Let n be t(f). Calculate the greatest common factor of n and 1.
1
Let o = 470 + -227. Calculate the greatest common factor of 27 and o.
27
Suppose 0 = -2*d + m + 25, d - 5*d - 5*m + 15 = 0. Let x be d/4 + (-6)/12. Let b be x/1 + 10*1. What is the greatest common factor of b and 132?
12
Let m be (-12)/(-4) + 23 + -1. Calculate the highest common divisor of m and 125.
25
Let o(v) = -v**3 + 8*v**2 + 8*v + 9. Let a be o(9). Suppose -4*h + a*h + 16 = 0. Let m be (-22 - -2)/((-2)/h). What is the highest common factor of 16 and m?
8
Suppose 7*x - 30 = 145. Let y = x + 35. What is the highest common factor of y and 24?
12
Suppose -89 + 5 = -2*x - 4*g, x - 3*g = 17. What is the greatest common factor of 4 and x?
4
Let l = 17 + -6. Let y(d) = -10*d - 20. Let k(t) = 5*t + 10. Let w(u) = -5*k(u) - 2*y(u). Let c be w(-13). Calculate the greatest common divisor of c and l.
11
Suppose s = 5*m + 44, 5*s + 5*m - 220 = m. Calculate the highest common factor of s and 33.
11
Let a be -18*(-2)/1*6. Suppose -3*i + 2*l = 5*l - a, -4*i - 3*l + 286 = 0. Calculate the greatest common divisor of i and 10.
10
Let l be (-52)/6*2*-6. Suppose -v = -2*c - 19 + 2, 4*v = -c + l. Suppose 0 = 5*g - 5 - v. Calculate the greatest common divisor of g and 66.
6
Suppose 186 = b + b - 5*g, 5*g + 10 = 0. Let t = -5 + 10. Suppose -t*i + b = 23. Calculate the greatest common factor of 52 and i.
13
Let u = -2 + 11. Suppose -u*j - 48 = -11*j. Calculate the greatest common factor of j and 12.
12
Let h(f) = f**2 - 8*f - 3. Suppose -3*n = p - 27, -2*p + 5 + 9 = n. Let z be h(n). Let w = z + 5. Calculate the highest common divisor of w and 14.
2
Suppose -4*f = 2*q - 208, 0 = -2*q - q. Let k = -30 + f. What is the highest common factor of 11 and k?
11
Let g = 291 - 118. Let t = -103 + g. Calculate the highest common divisor of 14 and t.
14
Suppose 0 = a - h - 0*h + 2, -4*h = 2*a - 20. Let l be 3/(12/56)*a. Calculate the greatest common divisor of 4 and l.
4
Let i be 225/12 + 2/8. What is the highest common divisor of i and 57?
19
Let o(x) = x**3 + x**2 - x. Let d be o(-2). Let t = 0 - d. Suppose -q - t = -8. What is the greatest common factor of 4 and q?
2
Suppose 2*x - 121 - 311 = 0. Let d = -90 + x. What is the highest common factor of 14 and d?
14
Suppose -4*v = -4*k + 32 + 4, 0 = 4*v + 3*k + 36. Let g be (-46)/4*2/(-1). Let x = g + v. Calculate the greatest common divisor of x and 2.
2
Let z be 3 + 6*8 + 3. What is the greatest common factor of 6 and z?
6
Suppose 2*p - 40 = 44. Calculate the greatest common factor of 105 and p.
21
Let o be (-17)/1 + 3 + -4. Let g be (-284)/o + (-4)/(-18). Calculate the highest common divisor of 48 and g.
16
Suppose -27 = -2*s + s + 2*f, 5*s - f = 108. Let b be ((-140)/s)/(6/(-27)). What is the greatest common divisor of 75 and b?
15
Let d(o) = o**2 - 2*o - 5. Let m be d(5). Let c be (-6)/(-12)*10*2/2. What is the highest common factor of m and c?
5
Let d = -5 + 4. Let m(r) = -70*r**3 - r**2 - r. Let p be m(d). What is the greatest common divisor of p and 10?
10
Let r be 66*(-5)/((-15)/2). Suppose -2*d + 3*y - r = -6*d, -20 = -5*y. Suppose -5*w + 64 = -3*w. What is the highest common divisor of w and d?
8
Let t = 73 + 11. Suppose 3*l - 36 = -0*l. Calculate the highest common factor of t and l.
12
Suppose -2*j = -0*z - 4*z + 6, 5*z - 3*j = 5. Suppose 5*l - z = 3*l. Suppose 3*a = 15, -5*a + 7 = l*g - 68. Calculate the highest common divisor of 10 and g.
5
Let j(h) = 0*h**2 - 10*h - 19 + 3*h**2 - 2*h**2. Let s be j(13). What is the greatest common factor of s and 4?
4
Suppose -33*j + 26*j = -322. What is the greatest common divisor of j and 2?
2
Suppose -3*k - 5*r = -7*k + 15, -r = -5*k + 3. Suppose -5*b + 45 = i, -5*b + 2*i + 30 = -k*b. Calculate the highest common factor of b and 40.
8
Let o = -4 + 15. Let j = o + 10. What is the highest common divisor of j and 7?
7
Let s(t) = -t**3 - 4*t**2 + 5. Let i be s(-4). Suppose 0 = -5*k + 5*p, -k - 2*p + 10 = -i*k. Let x = 6 + k. Calculate the greatest common divisor of x and 8.
1
Suppose -q + 8*t - 3*t + 24 = 0, -4*q = -2*t - 42. Calculate the highest common factor of 45 and q.
9
Let m be (4/(-5))/(3/(-15)). Suppose m*j = j + 36. Calculate the highest common factor of 12 and j.
12
Let p(c) = c**3 - 6*c**2 + c. Let n be p(6). Let v = n - 2. Let z(f) = -f**2 + 5*f + 4. Let w be z(5). What is the greatest common factor of w and v?
4
Let v = 547 + -283. Calculate the highest common factor of 33 and v.
33
Suppose -182 = -4*w - 3*w. Calculate the highest common divisor of 208 and w.
26
Suppose -2*g + 472 = 3*v, 0*v - 304 = -2*v - 4*g. What is the greatest common divisor of 32 and v?
32
Suppose -2*u = -u - 2. Suppose 0 = -u*g - 2*d + 3*d + 72, -5*g + 181 = -3*d. What is the greatest common divisor of g and 7?
7
Let u = 35 + 7. Let f = -6 + 6. Suppose f = 2*m + 2*y - 12 - 4, -2*m - 3*y = -18. What is the greatest common divisor of u and m?
6
Let x = 53 - 37. Calculate the highest common factor of 8 and x.
8
Let m = 76 + -58. What is the greatest common divisor of m and 18?
18
Suppose 0 = 2*t - 31 - 73. Suppose w - 4*o = 33, 5*w - w - t = -4*o. Calculate the greatest common divisor of w and 119.
17
Let q = 9 - 5. Suppose -5*g = 15, -2*g = q*k - g - 9. Calculate the highest common factor of k and 12.
3
Let y = 16 + -12. Suppose 4*t + 3*d + 98 - 289 = 0, -3*t + 137 = d. Calculate the highest common divisor of t and y.
4
Let p be (-5 - -67)*5/2 - 3. Calculate the greatest common divisor of 19 and p.
19
Suppose -3*f - 2*z = -0*f - 23, 2*z - 28 = -4*f. Suppose -31 = -f*c - 1. What is the greatest common divisor of 30 and c?
6
Suppose 2 + 6 = 4*q. Calculate the highest common factor of 6 and q.
2
Suppose -2*c - 5*l = -273 + 11, -5*c + 632 = l. What is the greatest common factor of c and 42?
42
Suppose -123 = -10*f + 257. What is the greatest common divisor of f and 95?
19
Let w(f) = f**2 - 6*f - 10. Let y be w(